{"id":32,"date":"2014-09-15T16:52:49","date_gmt":"2014-09-15T14:52:49","guid":{"rendered":"http:\/\/b-livechor.ch\/wordpress\/?page_id=32"},"modified":"2024-08-16T10:45:19","modified_gmt":"2024-08-16T08:45:19","slug":"32-2","status":"publish","type":"page","link":"https:\/\/b-livechor.ch\/wordpress\/?page_id=32","title":{"rendered":"Kontakt"},"content":{"rendered":"<p><span style=\"color: #000000;\">Du m\u00f6chten uns kontaktieren, weil du den b-live Chor f\u00fcr einen Anlass buchen willst? Bei b-live mitsingen m\u00f6chtest? Uns Feedback geben? Fragen an uns hast? Dann schreib unserem musikalischen Leiter Jon Colbath via Mail unter: info@b-livechor.ch.<\/span><\/p>\n<p><span style=\"color: #000000;\">F\u00fcr Feedback zur Website schreibe eine E-Mail an: webmaster@b-livechor.ch<\/span><\/p>\n","protected":false},"excerpt":{"rendered":"<p>Du m\u00f6chten uns kontaktieren, weil du den b-live Chor f\u00fcr einen Anlass buchen willst? Bei b-live mitsingen m\u00f6chtest? Uns Feedback geben? Fragen an uns hast? Dann schreib unserem musikalischen Leiter Jon Colbath via Mail unter: info@b-livechor.ch. F\u00fcr Feedback zur Website schreibe eine E-Mail an: webmaster@b-livechor.ch<\/p>\n","protected":false},"author":3,"featured_media":0,"parent":0,"menu_order":6,"comment_status":"closed","ping_status":"closed","template":"","meta":{"footnotes":""},"class_list":["post-32","page","type-page","status-publish","hentry"],"_links":{"self":[{"href":"https:\/\/b-livechor.ch\/wordpress\/index.php?rest_route=\/wp\/v2\/pages\/32","targetHints":{"allow":["GET"]}}],"collection":[{"href":"https:\/\/b-livechor.ch\/wordpress\/index.php?rest_route=\/wp\/v2\/pages"}],"about":[{"href":"https:\/\/b-livechor.ch\/wordpress\/index.php?rest_route=\/wp\/v2\/types\/page"}],"author":[{"embeddable":true,"href":"https:\/\/b-livechor.ch\/wordpress\/index.php?rest_route=\/wp\/v2\/users\/3"}],"replies":[{"embeddable":true,"href":"https:\/\/b-livechor.ch\/wordpress\/index.php?rest_route=%2Fwp%2Fv2%2Fcomments&post=32"}],"version-history":[{"count":19,"href":"https:\/\/b-livechor.ch\/wordpress\/index.php?rest_route=\/wp\/v2\/pages\/32\/revisions"}],"predecessor-version":[{"id":5165,"href":"https:\/\/b-livechor.ch\/wordpress\/index.php?rest_route=\/wp\/v2\/pages\/32\/revisions\/5165"}],"wp:attachment":[{"href":"https:\/\/b-livechor.ch\/wordpress\/index.php?rest_route=%2Fwp%2Fv2%2Fmedia&parent=32"}],"curies":[{"name":"wp","href":"https:\/\/api.w.org\/{rel}","templated":true}]}}