{"id":4971,"date":"2024-03-21T19:57:24","date_gmt":"2024-03-21T17:57:24","guid":{"rendered":"https:\/\/b-livechor.ch\/wordpress\/?page_id=4971"},"modified":"2026-03-08T11:14:28","modified_gmt":"2026-03-08T09:14:28","slug":"goenner-sponsoren","status":"publish","type":"page","link":"https:\/\/b-livechor.ch\/wordpress\/?page_id=4971","title":{"rendered":"G\u00f6nner &#038; Sponsoren"},"content":{"rendered":"\n<p class=\"has-medium-font-size\">Hier unsere grossz\u00fcgigen G\u00f6nner und Sponsoren:<\/p>\n\n\n\n<h1 class=\"wp-block-heading has-medium-font-size\">Du kannst den b-live Chor gerne mit einem G\u00f6nnerbeitrag oder als Sponsor unterst\u00fctzen. Wir freuen uns \u00fcber jede Art von Unterst\u00fctzung, kleine und grosse Zuwendungen! Dein Name oder die Firma wird hier, mit deinem Einverst\u00e4ndnis, ver\u00f6ffentlicht.<\/h1>\n\n\n\n<p><\/p>\n\n\n\n<p><\/p>\n\n\n\n<p><strong>Hier unsere IBAN Nummer:<\/strong><\/p>\n\n\n\n<p class=\"has-small-font-size\"><strong>CH90 0900 0000 8528 8256 9<\/strong><br>b-live<br>8046 Z\u00fcrich<\/p>\n\n\n\n<p><\/p>\n\n\n\n<p><strong>oder der QR-Code f\u00fcr eBanking<\/strong><\/p>\n\n\n\n<figure class=\"wp-block-image size-full\"><a href=\"https:\/\/b-livechor.ch\/wordpress\/wp-content\/uploads\/2024\/03\/Screen-Shot-03-21-24-at-07.12-PM-1.png\" data-lbwps-width=\"218\" data-lbwps-height=\"217\" data-lbwps-srcsmall=\"https:\/\/b-livechor.ch\/wordpress\/wp-content\/uploads\/2024\/03\/Screen-Shot-03-21-24-at-07.12-PM-1.png\"><img loading=\"lazy\" decoding=\"async\" width=\"218\" height=\"217\" src=\"https:\/\/b-livechor.ch\/wordpress\/wp-content\/uploads\/2024\/03\/Screen-Shot-03-21-24-at-07.12-PM-1.png\" alt=\"\" class=\"wp-image-5006\" srcset=\"https:\/\/b-livechor.ch\/wordpress\/wp-content\/uploads\/2024\/03\/Screen-Shot-03-21-24-at-07.12-PM-1.png 218w, https:\/\/b-livechor.ch\/wordpress\/wp-content\/uploads\/2024\/03\/Screen-Shot-03-21-24-at-07.12-PM-1-150x150.png 150w, https:\/\/b-livechor.ch\/wordpress\/wp-content\/uploads\/2024\/03\/Screen-Shot-03-21-24-at-07.12-PM-1-100x100.png 100w\" sizes=\"auto, (max-width: 218px) 100vw, 218px\" \/><\/a><\/figure>\n","protected":false},"excerpt":{"rendered":"<p>Hier unsere grossz\u00fcgigen G\u00f6nner und Sponsoren: Du kannst den b-live Chor gerne mit einem G\u00f6nnerbeitrag oder als Sponsor unterst\u00fctzen. Wir freuen uns \u00fcber jede Art von Unterst\u00fctzung, kleine und grosse Zuwendungen! Dein Name oder die Firma wird hier, mit deinem Einverst\u00e4ndnis, ver\u00f6ffentlicht. Hier unsere IBAN Nummer: CH90 0900 0000 8528 8256 9b-live8046 Z\u00fcrich oder der &hellip; <\/p>\n<p class=\"link-more\"><a href=\"https:\/\/b-livechor.ch\/wordpress\/?page_id=4971\" class=\"more-link\"><span class=\"screen-reader-text\">\u201eG\u00f6nner &#038; Sponsoren\u201c <\/span>weiterlesen<\/a><\/p>\n","protected":false},"author":3,"featured_media":0,"parent":0,"menu_order":5,"comment_status":"closed","ping_status":"closed","template":"","meta":{"footnotes":""},"class_list":["post-4971","page","type-page","status-publish","hentry"],"_links":{"self":[{"href":"https:\/\/b-livechor.ch\/wordpress\/index.php?rest_route=\/wp\/v2\/pages\/4971","targetHints":{"allow":["GET"]}}],"collection":[{"href":"https:\/\/b-livechor.ch\/wordpress\/index.php?rest_route=\/wp\/v2\/pages"}],"about":[{"href":"https:\/\/b-livechor.ch\/wordpress\/index.php?rest_route=\/wp\/v2\/types\/page"}],"author":[{"embeddable":true,"href":"https:\/\/b-livechor.ch\/wordpress\/index.php?rest_route=\/wp\/v2\/users\/3"}],"replies":[{"embeddable":true,"href":"https:\/\/b-livechor.ch\/wordpress\/index.php?rest_route=%2Fwp%2Fv2%2Fcomments&post=4971"}],"version-history":[{"count":25,"href":"https:\/\/b-livechor.ch\/wordpress\/index.php?rest_route=\/wp\/v2\/pages\/4971\/revisions"}],"predecessor-version":[{"id":5304,"href":"https:\/\/b-livechor.ch\/wordpress\/index.php?rest_route=\/wp\/v2\/pages\/4971\/revisions\/5304"}],"wp:attachment":[{"href":"https:\/\/b-livechor.ch\/wordpress\/index.php?rest_route=%2Fwp%2Fv2%2Fmedia&parent=4971"}],"curies":[{"name":"wp","href":"https:\/\/api.w.org\/{rel}","templated":true}]}}